l. Determine b(d).
-6
Let m(v) = -5 + v - 3*v + v. Let r = -408 + 401. Determine m(r).
2
Let o(j) be the first derivative of -j**4/4 + 8*j**3/3 + 5*j**2 - 9*j - 655. Suppose -2*u + 16 = -4. Suppose u*d = 6*d + 36. Calculate o(d).
0
Let f(c) = -c**2 + 29*c - 109. Suppose -1491*d + 1488*d + 4*a = -75, 4*d + 4*a - 100 = 0. Determine f(d).
-9
Suppose -q + 14797 - 14842 = -10*q. Let f be 2/(-5) - (-48)/20. Let k(a) = 2*a - 2 + a**3 - 5*a**f - a + 1. Calculate k(q).
4
Let l(a) = 62*a**2 - a + 1. Let x(r) = -319*r**2 + 7*r - 4. Let g(o) = -5*l(o) - x(o). Give g(-2).
39
Let j(a) be the first derivative of -a**3/3 + 11*a**2/2 + 21*a + 5128. Determine j(11).
21
Let d(k) = -16*k**2 + 7*k + 77. Let x(p) = 2*p**2 - p - 41. Let h(r) = d(r) + 2*x(r). What is h(2)?
-43
Let a(x) = 782*x**2 + 46*x - 17. Let t(i) = -335*i**2 - 21*i + 8. Let k(d) = 3*a(d) + 7*t(d). Let n = 9 - 4. Suppose -2*f - 27 = -n*f. What is k(f)?
5
Let v(t) = t**3 - t**2 - 4*t + 8. Let a(l) = -l**3 + l**2 + 5*l - 8. Let q(m) = 4*a(m) + 5*v(m). Let r = -32 + 32. Suppose r*y = 5*y - y. Determine q(y).
8
Let z(c) = c - 14. Let g be (27/6)/((-12)/2)*-16. Suppose 32*a - g*a - 240 = 0. Give z(a).
-2
Suppose t + 18 = 13. Let q be -2 - (3/t)/((-1)/(-15)). Suppose 0 = -q*f + 39 + 10. Let k(c) = -c**2 + 5*c - 6. What is k(f)?
-20
Let p(w) = 7*w**2 - 17*w - 35. Suppose -5*k - 4*c = 15, 11*k - 16*k = c. Let q(i) = -2*i**2. Let a(d) = k*p(d) + 4*q(d). Determine a(-15).
-5
Let f(j) = 11*j**2 + j + 1. Let y = -9 - 22. Let t = y + 35. Suppose 7*n = -5*b + t*n + 1, 0 = -2*b - n. What is f(b)?
11
Let p(w) = 0*w + w + 5*w + 9 + w**2. Suppose 63 = -727*k + 1457*k - 739*k. Calculate p(k).
16
Let c(v) be the first derivative of -23*v**2/2 - 2*v + 59. Give c(1).
-25
Let v(j) = -j**3 + 3*j**2 + 4. Let y be (-1)/(-2)*-2*27. Let f be (80/(-2*2))/((-6)/9). Let c = f + y. What is v(c)?
4
Let q(g) = -g**2 - 4*g + 3. Suppose -6*o + 2*o + 108 = 3*n, -2*n = 0. Let l be (2 - (-2)/(-1)) + (o - -4). Let t = -34 + l. Give q(t).
6
Let o(f) be the third derivative of -f**7/840 + f**6/60 - 7*f**5/120 + f**4/6 + 23*f**3/2 + f**2 + 12*f. Let w(q) be the first derivative of o(q). Give w(5).
-6
Let m(x) = -x**2 + 13*x + 12. Let k = 16631 - 16637. Determine m(k).
-102
Let t(f) = 22069 - 23*f + 19*f - 22071 - 6*f**2. Give t(-3).
-44
Let j = 445 - 437. Let x(b) = b**2 - 6*b - 10. Calculate x(j).
6
Let h(b) be the second derivative of 7/2*b**2 - 4*b - 2 - b**3. Calculate h(3).
-11
Let j be (0/(-2 + 3))/1*1. Let o(l) = 2*l + 0*l - l. Calculate o(j).
0
Let w be 1/(-4)*(70 + -70). Let r(f) = f**2 + 3*f. Calculate r(w).
0
Let q = -175 + 109. Let c = 74 + q. Let p(k) = k**2 - 8*k + 6. Determine p(c).
6
Let k(x) = -x + 5. Let z be -3 + 122/12 + (-2)/12. Suppose -13 = -z*i + 15. Suppose 0 = 3*j - 5*r - 5 - 0, 2*j - i*r - 2 = 0. What is k(j)?
0
Let m(n) = -2*n + 5. Let o = -588 - -630. Let z be (o/(-49))/((-18)/84). What is m(z)?
-3
Let u be (-40 - -29 - -12)/(1*3). Let p(d) be the second derivative of u*d**4 + 0*d**3 + 0 - 1/2*d**2 + 20*d - 1/20*d**5. Determine p(4).
-1
Suppose 2*o - 12 = 4*q - 0*o, 8 = -4*o. Let j(s) be the first derivative of -s**3/3 + 3*s**2/2 + 2*s - 1844. What is j(q)?
-26
Let z(i) = -i - 17. Suppose 4*v = 5*o + 115, -o - 554*v = -557*v + 34. What is z(o)?
2
Let m(x) = x**3 + 13*x**2 + 13*x - 11. Suppose -5*s = -10, s - 4 - 20 = 2*l. Calculate m(l).
88
Let x(v) = -6*v + 6. Let z(f) = 5*f**2 + 30*f - 31. Let s(i) = 5*x(i) + z(i). Let l be 3 - (-10 - -1)*-1. Let q be 12/5 + l/15. Give s(q).
19
Let o be (-4)/(-3)*(-6)/2. Let l(u) = 2*u - 7. Let k(y) = -2*y + 6. Let v(b) = 5*k(b) + 4*l(b). What is v(o)?
10
Suppose r + 1 = 4. Let d be -8 + (-2)/r*-3. Let x(s) = -5*s + 14*s + 5 - 24*s**2 + 49*s**2 - 24*s**2. What is x(d)?
-13
Let q = -106 + 110. Let h(b) = -4*b + 1 + 6*b - q*b. Determine h(5).
-9
Let k = -67 - -51. Let l be (-18)/4 + 2 + k/(-32). Let a(q) = 5*q**3 + 3*q**2 + 2*q - 1. Give a(l).
-33
Let x(f) = -25*f**3 + 94*f**2 + 45*f + 175. Let q(n) = 7*n**3 - 26*n**2 - 13*n - 50. Let j(t) = -18*q(t) - 5*x(t). Determine j(-2).
7
Let u(x) be the second derivative of -123*x + 5/12*x**4 - 1/6*x**3 + 0*x**2 + 2. Let r be (3 + -1)/(0 + -2). Determine u(r).
6
Let h(d) be the first derivative of 1/3*d**3 + 22 + 3*d**2 - 10*d. Let s be (-8)/4*((-11)/(-2) + -2). Determine h(s).
-3
Let v = 223 - 217. Let r(i) = 5*i - 25. Let j(y) = -11*y + 51. Let h(d) = v*j(d) + 13*r(d). Calculate h(-9).
-10
Let b(d) = d**3 - 14*d**2 + 3*d + 4. Let i(x) = 2*x**3 - 29*x**2 + 7*x + 12. Let w(r) = 5*b(r) - 2*i(r). What is w(12)?
8
Suppose 170 + 460 = -27*z - 36*z. Let q(m) = m**3 + 15*m**2 + 50*m - 4. Determine q(z).
-4
Let a = 2710 - 2668. Let i(w) = 7*w - 296. Calculate i(a).
-2
Suppose 23 = 5*y - 17. Suppose 5*o + y*o + 39 = 0. Let c be (18/(-15))/((-42)/15 - o). Let v(m) = m**2 + 5*m - 8. Calculate v(c).
-2
Let j be (9/6)/(12/1616). Let s = j + -200. Let f(h) = 2*h - 4. Let l(a) = -3*a + 5. Let q(w) = -4*f(w) - 3*l(w). Determine q(s).
3
Let s = 8659 - 8681. Let c(f) = -4*f**2 - 86*f + 43. Calculate c(s).
-1
Let g = -8 + 7. Let w(i) = 117*i - 45. Let o(m) = 7*m - 3. Let b(c) = -30*o(c) + 2*w(c). Determine b(g).
-24
Let a(j) be the third derivative of j**5/30 - 13*j**4/3 + 103*j**3/3 - 5127*j**2. Give a(2).
6
Let d(c) = -c**3 - 9*c**2 - 7*c - 6. Let v(o) = -o**3 - 9*o**2 - 6*o - 5. Let r(j) = 4*d(j) - 3*v(j). Suppose -518 = 85*f + 162. Calculate r(f).
7
Let u(s) = s**2 + 7*s - 1. Let k be (-1)/((-1)/1227)*(-5)/(-15). Let c = -416 + k. Give u(c).
-1
Let f(d) = -d + 1. Suppose 3*s + 9 = 0, -2*h = 3*s - 4 + 19. Let p be (-5 + (-515)/(-10))/(h/(-2)). Let m = -40 + p. Determine f(m).
10
Let z(b) be the third derivative of b**6/20 - b**5/60 + b**3/6 - 16*b**2. Let g = 8617 + -8618. Calculate z(g).
-6
Let f(q) be the third derivative of 2/3*q**3 + 3*q + 1/6*q**4 + 3*q**2 + 0 - 1/60*q**6 - 1/12*q**5. Give f(-4).
36
Let g(f) = 3*f - 7. Suppose 0 = -3*s + 12*s - 828. Let j = -90 + s. Let m(w) = w**3 - 2*w + 2. Let i be m(j). Determine g(i).
11
Let o(c) = -3*c - 280 + 827 - 277 - 278. What is o(9)?
-35
Let d(r) be the first derivative of r**4 + 5*r**3/3 - 7*r**2/2 + 27*r - 97. Let x(s) = -3*s**3 - 6*s**2 + 7*s - 25. Let y(t) = 2*d(t) + 3*x(t). Calculate y(-9).
-3
Let l be ((-1172)/(-2051))/(1/84). Let m(z) = z**3 - 48*z**2 + z - 51. Give m(l).
-3
Suppose -2*o - 2*t = 28, -2*t = 7*o - 6*o + 16. Let j(d) = 7*d + 71. Let x be j(o). Let y(c) = c**3 + 13*c**2 - 8. Give y(x).
-8
Suppose -5*r = 5*l - 110, -35 = -4*r + 3*l + 25. Let o(g) = g - 1. Let z(w) = w**2 - 13*w + 1. Let y(m) = -5*o(m) + z(m). Determine y(r).
6
Let r(m) = -7*m - 3. Let f(n) = -n. Let b(g) = -6*f(g) + r(g). Let z(t) = -2*t - 5. Let u be (4 - 15)*(-2)/(-2). Let q(s) = u*b(s) + 6*z(s). What is q(4)?
-1
Let l(d) be the third derivative of d**5/60 - 5*d**4/24 - d**3 - 221*d**2. Give l(11).
60
Suppose -37*l - 7 = 4*y - 34*l, -2*y + 1 = 3*l. Let v(s) = -6*s**2 - 27*s + 3. What is v(y)?
15
Let x = 288 + 467. Suppose 3*s = -779 + x. Let u(y) = y + 1. Determine u(s).
-7
Suppose 4*y = -4*u + 28, 10*u - 15*u + 20 = 2*y. Let b(g) = -13*g + 0 + 8*g + 3 - 1 + 2*g**u. Determine b(3).
5
Let c(a) = 13*a - 4*a + 4*a**2 - 2*a**2. Suppose -2*l - 26 = 2*s, 0 = -1975*s + 1970*s + 4*l - 11. Calculate c(s).
35
Let d = -5221 + 5215. Let v(p) = -6*p**2 - 35*p + 16. What is v(d)?
10
Let w(r) = -r**2 - 6*r + 3. Let a(h) = -h**2 - 17*h - 19. Let i be a(-14). Suppose -i*c + 6 = -24*c. What is w(c)?
3
Let c(k) = -6*k - 24. Suppose -4*u + 51 = -5*j, 4*u - 43 = 3*j - 6. Let t be c(j). Let z(i) = -3*i + 0*i - t + i**2 + 21. What is z(4)?
7
Let d(n) = -2*n**3 - n**2 + n - 1. Let w = 420 + -422. Determine d(w).
9
Suppose -3*m - 4*l - 18 = -0, 0 = -5*m + l - 7. Suppose 13 = 4*c + 5*f, 3*c = c + 3*f + 1. Let p(s) = 99 + 2*s**c - 192 + 94 + 3*s. Give p(m).
3
Suppose -19*y + 3 = -18*y. Suppose -y*h + 4*q - 42 = 0, 4*h - 4*q + 52 = -0*q. Let w(o) = o**2 + 6*o - 2. Calculate w(h).
38
Let t(q) be the first derivative of 5*q**2/2 + 7*q - 2. Let o(k) = -143*k - 328. Let m be o(-6). Let f = -536 + m. Calculate t(f).
-23
Let a(w) = -142*w**2 - 21*w + 72. Let v(j) = 85*j**2 + 10*j - 37. Let k(s) = -3*a(s) - 5*v(s). What is k(-15)?
-1
Let g(n) be the third derivative of -n**6/60 - 7*n**5/30 - n**4/4 + 2*n**3/3 - 288*n**2 - 3. Calculate g(-7).